 of m and u.
33
Let f(d) = -d - 1. Let l(i) = 5*i + 2. Let b(x) = 6*f(x) + l(x). Let z be b(-8). Let r be z/((-70)/72 - -1). What is the highest common factor of r and 16?
16
Suppose -112*k = -117*k + 50. Suppose -2066 = -k*j - 116. Suppose -48 = -b - 3*y, -2*b - 3*y = -6*y - 69. Calculate the greatest common factor of j and b.
39
Let d = 2226 - 2216. Let p = -14 + 7. Let s be (-884)/p + d/(-35). Calculate the greatest common factor of 14 and s.
14
Let r(n) = -n**2 + 13*n + 13. Let x be r(13). Let o(m) = m**2 - 7*m - 76. Let q be o(x). Calculate the greatest common divisor of 18 and q.
2
Let o(f) = -5*f**3 + f. Let t be o(1). Let i(z) = 77*z**2 - 7*z - 6. Let s be i(t). Suppose -294 + s = 8*n. Calculate the greatest common factor of 30 and n.
30
Suppose -5*g = 5*v - 30, 31*g - 30*g = -2*v + 6. Calculate the highest common factor of g and 512.
2
Suppose 2*c - 1564 = -5*j, 5*c - 15*j = -14*j + 3964. Calculate the greatest common divisor of 576 and c.
72
Suppose -2279*w + 342 = -2273*w. Calculate the highest common factor of 11647 and w.
19
Suppose -40*h + 132*h - 13248 = 0. Calculate the highest common factor of h and 5376.
48
Let r = 297 - 294. Suppose 3*n = -g + 238, 402 = 2*n + r*n + 3*g. Calculate the highest common divisor of 169 and n.
13
Suppose 43*j - 42*j = t - 16, -t - 8 = 3*j. What is the greatest common factor of 605 and t?
5
Let p be (40/30 + 3895/15)/1. What is the greatest common divisor of p and 870?
87
Suppose -7*h = 7*h + 322. Let g be 2 + h/7 + (-4)/(-14). Let u be (-12)/3 + 19 - (1 + g). Calculate the highest common divisor of 15 and u.
15
Suppose -7*a + a = 48. Let h be 16/2 - (-32)/a. Let w = 28 + -8. What is the highest common divisor of h and w?
4
Let b(p) = 3*p**2 - 2*p + 2. Let h(t) = -t**2 + 5. Let f be h(-2). Let o be b(f). Suppose -10 = -o*m - 7. Calculate the greatest common divisor of 9 and m.
1
Let a = 18494 + -15701. What is the highest common divisor of a and 189?
21
Let r(x) = -1123*x - 37029. Let i be r(-33). Suppose -3*o + 9 - 3 = 0. Suppose o*v = -2*v + 80. Calculate the highest common divisor of i and v.
10
Let j = -259 + 261. Suppose -7*b + 50 = -j*b - 4*v, v + 17 = 2*b. Let l be ((-66)/4)/((-3)/12). Calculate the greatest common divisor of l and b.
6
Let n = 0 - 0. Let v(f) = -2*f - 98. Let r be v(-58). Suppose -2*z - z + r = n. What is the highest common divisor of 54 and z?
6
Suppose 0 = 2*u - 3*w - 27, 5*u + 0*u - 35 = w. Suppose -q + u = 3*y, q - 1 = 3*y - 25. Let o = q - -48. Calculate the greatest common divisor of 3 and o.
3
Let t = 22 - -5. Let r = 784 + -781. Suppose b = t + r. Calculate the greatest common factor of 40 and b.
10
Suppose 2*w = -3*t + 5748 + 356, -3*t + 6136 = -2*w. What is the greatest common divisor of 840 and t?
120
Suppose 2*z = -3*y + 93, -34*z - 4*y - y + 1535 = 0. Let q(m) = -m - 1. Let r be q(-3). Suppose r*x + 2 = 12. Calculate the greatest common divisor of x and z.
5
Let d = -3464 - -5228. Calculate the greatest common factor of 1372 and d.
196
Let n be (-3)/9 + 6/27*-3. Let a(g) = -10*g - 1. Let y be a(n). Let h = 13 - 7. What is the greatest common divisor of y and h?
3
Let d = 2342 - 1852. What is the greatest common divisor of d and 210?
70
Let a = 320 - 300. Suppose 5*q + 15 = -r, -2*q = 2*r - 0*q + 6. Suppose -g = -r*g - a. What is the greatest common factor of 10 and g?
10
Let r(a) = a**3 + 6*a**2 - a - 6. Suppose 2*c + 20 = -2*c. Let h be r(c). Suppose -2*m - h = -6*m. Calculate the greatest common divisor of m and 3.
3
Let i be 4*-2 + 12606/77 - 4/(-14). What is the highest common factor of 8892 and i?
156
Let a = 350 - 335. Suppose -4 - 31 = -5*f. Suppose -7 = 2*m - f*m + 2*g, -7 = -m - g. What is the greatest common factor of m and a?
3
Suppose -21*n = 16*n - 1406. Suppose 0 = -n*u + 688 + 376. What is the greatest common factor of u and 14?
14
Let t = -1889 - -2093. Calculate the highest common divisor of t and 3111.
51
Let i be (2 + 4)*1 - 1. Suppose 3*j - i*q = 28, -5*j - 3*q - 13 = -3. Let d be (-90)/((-3)/j) + -1. What is the highest common factor of 87 and d?
29
Suppose -15 = 3*h, 16*t = 12*t - h + 443. Let f(n) = 99*n**3 - n**2. Let r be f(1). Let g = t - r. Calculate the highest common factor of g and 21.
7
Suppose 6*d - 4*s - 163 - 1507 = 0, -2*s = 4*d - 1090. Let y(c) = -16*c + 7. Let g be y(-3). What is the greatest common factor of d and g?
55
Suppose 4*b + 98 = 6*b. Let f = 4769 - 4132. Calculate the highest common factor of f and b.
49
Suppose -13*h = 4*h - 1479. Let u(v) = -76*v - 311. Let f be u(-6). Calculate the highest common divisor of h and f.
29
Suppose c = 4*q + 16, -2*c - 2*q = -0*q + 8. Let d = c + -33. Let k be 30/9*-3*d/6. What is the greatest common factor of k and 22?
11
Suppose 42*x - 3*l + 4 = 41*x, 3*x - 32 = -2*l. Suppose 0 = n - 3*k - 16, 27 = 3*n + 4*k - x. What is the greatest common divisor of n and 351?
13
Let s be ((-7510)/(-90) + -3)/((-2)/(-9)). Calculate the highest common divisor of s and 1.
1
Let h be 5 + 4*154413/76. What is the greatest common divisor of 76 and h?
76
Let t(l) = 10*l - 64. Suppose -r = -6 - 3. Let w be t(r). What is the greatest common factor of w and 104?
26
Let r be (-960)/105 - 36/42 - -136. What is the highest common divisor of 1848 and r?
42
Suppose 508 = 2*p - 0*p. Let m = p - 214. Let f be ((-18)/(-3))/((-2)/(-8)). Calculate the highest common factor of m and f.
8
Let v be -6*(-42)/(-1638) - (-992)/26. Calculate the greatest common divisor of 226 and v.
2
Let x(s) = -140 + 137 + 8*s + 7*s**2 + s**3 - 9*s. Let o be x(-7). Suppose -60 = -2*p + p. What is the highest common factor of p and o?
4
Let g(x) = -5 + 0*x - 4*x - x. Let l(s) = s**2 - 39*s - 130. Let h be l(42). Let c be g(h). What is the greatest common divisor of 75 and c?
15
Suppose 3*h + 639 = x, 5*x - h + 3*h - 3229 = 0. Let y be 2105/(-490)*-7 - (-4)/(-7 - 49). What is the greatest common divisor of y and x?
15
Let c = -4181 + 4206. What is the highest common divisor of 1325 and c?
25
Suppose -c - 31 = -5*t, -5*c + 10*c = -2*t - 20. Let b be (-4)/8 - (-6)/4. Let o be 1/((3/c)/b) - -47. Calculate the highest common factor of o and 18.
9
Suppose 819473 = 62*z + 105853. What is the highest common divisor of z and 10?
10
Let k(n) = 7*n. Let x be k(6). Suppose -x = -2*u - u. Let m(d) = d**3 - 20*d**2 + 4*d - 52. Let v be m(20). What is the highest common factor of u and v?
14
Let v(k) = 2*k + 307. Let s be v(-76). Calculate the highest common divisor of 589 and s.
31
Suppose 294 = -42*o + 3150. Let g be (65/(-4) - 17/o)*-2. What is the highest common divisor of g and 396?
33
Let k(u) = 54*u - 396. Let l be k(26). What is the highest common factor of 882 and l?
126
Let g(y) = 2*y**3 + 2*y**2 + y - 2. Let j be g(2). Let t(z) = -z**2 - z + 180. Let o be t(0). Calculate the greatest common divisor of o and j.
12
Let o be (24/(-54) - 10388/(-126)) + (3 - -2). Calculate the greatest common divisor of o and 696.
87
Suppose -3*y + 609 - 537 = 0. What is the greatest common divisor of y and 1332?
12
Let m be (-3 + (-14)/(-4))*-18*(-4 - -2). Calculate the highest common factor of 294 and m.
6
Let t(w) = 6*w - 6. Let u(h) = 7*h - 5. Let i(l) = 4*t(l) - 3*u(l). Let q be i(6). Let r = -54 - -90. What is the greatest common factor of r and q?
9
Let l be 540/720 + (-783)/(-12). What is the greatest common divisor of l and 3839?
11
Let r be ((-23)/46)/((-6)/420). Let c(l) = 4*l**2 - 6*l + 5. Let p be c(4). Let a = p - r. Calculate the greatest common factor of a and 80.
10
Let b be ((-139359)/824 + 2/16)*-8. Calculate the highest common divisor of b and 104.
104
Let w(j) = 2*j**2 + 63*j + 896. Let p be w(-12). What is the highest common factor of p and 8?
4
Suppose 14*x - 375 = -4771. Let n = -308 - x. Let j(c) = -31*c - 1. Let y be j(-1). Calculate the greatest common factor of n and y.
6
Let o be 19 + -5 + -23 + 44. Calculate the highest common divisor of o and 175.
35
Suppose -5*m + 90 = 3*o, 2*m - 5*m - 3*o + 60 = 0. Suppose -11*r + 229*r = 15260. Calculate the greatest common divisor of m and r.
5
Let s be (-2)/(-6 + 255/45). Calculate the highest common factor of 189 and s.
3
Let n be 7880 + (-288)/(-21 - -3). Calculate the highest common factor of n and 6.
6
Let s = -8 - -3. Let f be (-1182)/(-10) + (-4)/s. Let b(a) = 35*a + 602. Let t be 